he units digit of m?
3
Suppose 3*q + 4 = 49. Let t(w) = w + 25. What is the tens digit of t(q)?
4
Suppose 398 - 34 = 4*n. What is the tens digit of n?
9
Suppose 37053 = 18*p - 13005. What is the units digit of p?
1
Suppose 15*r - 44868 = 9507. What is the tens digit of r?
2
Let l = 0 - 2. Let x be -1 - -3 - l/(-1). Suppose 5*i = 5*z + 160, i + i + 4*z - 40 = x. What is the tens digit of i?
2
Suppose -y - 5*o - 45 = -6*y, -25 = -3*y + o. Let h = 42 + y. What is the units digit of h?
0
Let w(x) = 42*x**2 - 9*x - 8. Let c be (-18)/8 + 10/8. What is the tens digit of w(c)?
4
Suppose 18633 - 48453 = -20*g. What is the hundreds digit of g?
4
What is the tens digit of 16/(-72) - 47337/(-27)?
5
Let y(n) = n**2 - 8*n - 15. Let u be y(10). Suppose 2*t + 2*x + u = 31, -23 = -3*t + x. What is the units digit of t?
9
Suppose 0 = -2*r + 3*r - 17. Suppose -n + 77 = -r. What is the units digit of n?
4
Let a = 51 + -34. Let m = a + -1. Suppose 4*f = m - 0. What is the units digit of f?
4
Let u = 1 - -4. Suppose 0*v = -u*v + 25. Suppose 0 = -v*z + 5. What is the units digit of z?
1
Let b = -257 + 314. What is the tens digit of b?
5
What is the units digit of (-5 + 2)/((-9)/894)?
8
Let u(d) = d**2 + 46*d - 356. What is the tens digit of u(11)?
7
Let p(f) = 3*f + 9. Let m(o) = -3*o**3 + 2*o + 3. Let h be m(-2). Suppose -5*b + h = -2*b - 4*j, -3*b + 2*j = -25. What is the tens digit of p(b)?
3
Let a(s) = -s**2 - 13*s + 20. Let u be a(-14). Let c be (0 - -1)*(-2 + u). Suppose c*b + o - 70 = 3*o, -23 = -2*b + 5*o. What is the units digit of b?
9
Let n = 197 - 292. Let u = -28 - n. What is the tens digit of u?
6
Suppose -2*s - 720 = s. Let v = -124 - s. What is the units digit of v?
6
Let z(o) = o**3 + 11*o**2 - 2*o + 3. Let w(d) be the first derivative of -d**2/2 - 3*d - 5. Let t be w(8). What is the units digit of z(t)?
5
Let j = 18 + -30. What is the units digit of 2 - j/3 - -1?
7
Suppose -4*w + 12 = -w. Suppose -2*h - w = -2. Let o(m) = -2*m**3 - 2*m - 1. What is the units digit of o(h)?
3
Suppose 0 = -l - u + 5, u - 3*u = l - 8. Suppose l*w - 134 = -5*k, -13*w + 5*k = -9*w - 328. What is the tens digit of w?
7
Suppose -7 - 21 = -2*x. Let t be 4/x - 355/(-7). Suppose 7*d = 4*d + t. What is the tens digit of d?
1
Let l = 3 + 1. Suppose 2*a = 6*a - 280. Suppose a = l*b - 30. What is the units digit of b?
5
Suppose p + 4*d - 1 = 1, -29 = 2*p - 3*d. What is the units digit of 804/15 - 4/p?
4
Suppose 3*y - 2*k = 185 + 75, -3*y = 2*k - 268. Let w = y + -16. What is the units digit of w?
2
Let d be (-268)/(-22) - 4/22. Suppose -7*o = -3*o - d. Suppose -5*j + 152 = v, -5*j = -o*v + 2*v - 158. What is the tens digit of j?
3
Suppose 3*z - 4*a - 3560 = 0, 53*z - a - 2375 = 51*z. What is the tens digit of z?
8
Let m be 120 + (-20)/(-5) + 0. Suppose -2*q = -3*y - 129, 3*q - 5*q + m = -4*y. What is the units digit of q?
2
Suppose -52338 = -44*f + 5*f. What is the units digit of f?
2
Suppose -23*a + 2971 = -2664. What is the units digit of a?
5
Let p = 40 - 60. What is the units digit of (-344)/14*70/p?
6
Let c = 16 + -14. Suppose 3*p - 102 = -p + 3*k, 0 = c*p - 3*k - 48. Suppose 3*x - 2*t - p = -3*t, 4*t - 36 = -3*x. What is the units digit of x?
8
Let h = -190 - -275. Suppose -2*f + 7*f - h = 0. Suppose c - f = -3*b, -2*c + 161 = 3*c - 4*b. What is the units digit of c?
9
Let w be (-15)/(-5) - 24/2. Let s(o) = o**3 + 8*o**2 - 9*o + 5. What is the units digit of s(w)?
5
Let z(d) = 42*d - 8. Let x = 105 - 103. What is the units digit of z(x)?
6
Suppose -5*i = 2*w + 6, -5*w + 2*i = 4*i - 6. Suppose -2*t + 2*p + 111 = -p, 4*t = w*p + 218. What is the tens digit of t?
5
Let i be (2 + (1 - 2))*14. Suppose -26 = -4*a - 2*q, -3*a = 5*q - 16 - i. Let s = 10 - a. What is the units digit of s?
5
Let k(c) = -565*c - 386. What is the hundreds digit of k(-8)?
1
Suppose 4*c - 24 = -2*t, 0 = 5*t - 0*t + 4*c - 30. Suppose -t*p = 7*p - 117. What is the units digit of p?
3
Suppose -4*q = 2*f - 254 - 216, 2*q = 2*f + 226. What is the hundreds digit of q + (3 - (-2 - -4))?
1
Let y be (-7 - -10) + 1/((-1)/9). What is the tens digit of ((-45)/y)/(-5)*(-7 - 29)?
5
Let h(s) = -4*s**2 + 4*s - 126. Let o(k) = -3*k**2 + 3*k - 84. Let l(a) = 5*h(a) - 7*o(a). What is the units digit of l(-13)?
0
Suppose -12*r + 7*r = -110. Let t = r - 20. Suppose 0 = -2*m - t*m + 148. What is the units digit of m?
7
Suppose 0 = 8*d - 33412 + 6084. What is the units digit of d?
6
Suppose 3*o + o - 412 = 0. Suppose -o = -2*p + 3*b + 56, -400 = -5*p + 5*b. What is the units digit of p?
1
Suppose 2*n + r - 6147 = 0, -3*r - 1964 + 11177 = 3*n. What is the tens digit of n?
7
Suppose -5*h = -3*n + 5, -4*n = -3*h - 0 - 14. What is the units digit of (-1 - (-1)/h) + 861/6?
3
Let o(y) = y**2 + 5*y - 2. Let k be o(-7). Let g be ((-16)/12)/(k/(-27)). Suppose 0 = 2*z + g*p - 76, -z + 2*p = -2*p - 27. What is the tens digit of z?
3
Let s(y) = -y + 24. Let l(j) = j + 2*j + 3*j - 192 + 72. Let p(c) = 3*l(c) + 16*s(c). What is the tens digit of p(0)?
2
What is the units digit of (-4 - -6) + 629 + (-3)/3?
0
Suppose 2*j + 3*f - 424 = 0, -j - 2*j + 2*f = -636. What is the hundreds digit of j?
2
Suppose 2 + 19 = -v. What is the units digit of (v/14)/((-2)/(272/2))?
2
Suppose 0 = 551*j - 563*j + 10272. What is the units digit of j?
6
Suppose f - w - 8 = 0, w + 4 + 1 = 0. Suppose 3*o + 3*c + 9 = 0, f*o + c = -3 - 10. Let k(y) = 3*y**2 + 6*y + 11. What is the tens digit of k(o)?
5
Suppose -7040 = -14*z + 4*z. Suppose 0 = -17*j + 9*j + z. What is the units digit of j?
8
Suppose 2*k = -0*k + v + 7, 0 = -5*k - 4*v - 15. What is the units digit of ((-7)/(-3))/(k/57)?
3
Suppose 152 = -r - a - 3*a, -5*r - 3*a - 811 = 0. What is the tens digit of r*(-3 - -5)/(-4)?
8
Let p = -104 + 106. Suppose 0 = p*l - 3*j - 2*j - 299, 0 = -5*l + 5*j + 785. What is the hundreds digit of l?
1
Let w(d) = 21*d - 2. What is the tens digit of w(3)?
6
Let p be (-136)/6 + 6/9. Let r(y) = -y**2 - 4*y - 2. Let c be r(-2). Let x = c - p. What is the units digit of x?
4
Suppose 3*h + 3 = 5*k + 2*h, -2*k = h - 4. Let z(g) be the second derivative of g**5/20 + g**4/12 - g**3/6 + g**2/2 - 11*g. What is the units digit of z(k)?
2
Let v(x) = -x + 10. Let n be v(6). Suppose 104 = 3*h - m, h + n*m - 32 = 3*m. Let b = h - 9. What is the tens digit of b?
2
Let q(p) = 20*p**2 - p - 14. Let m(o) = o. Let i(v) = -4*m(v) - q(v). Let t be i(-6). What is the units digit of t/24*6/(-4)?
3
Let w = 1438 + -1015. What is the hundreds digit of w?
4
Let d(r) = r**3 + 5*r**2 - 2*r - 5. Let f be (-33)/7 - 16/56. Let z be d(f). Suppose z*m = 191 + 19. What is the units digit of m?
2
What is the units digit of (-9 - (-7 + -583))/(2/6)?
3
Suppose 4*i = 194 - 22. Let j = i - -56. What is the units digit of j?
9
Suppose -5044 = 13*r - 27248. What is the thousands digit of r?
1
Suppose 4*s + 12*w - 15*w = 5261, 4*s + 4*w = 5268. What is the thousands digit of s?
1
Let d(y) = -y**2 - 14*y + 19. Let j be d(-15). Suppose 4*a - 617 = -v - 4*v, -2*v = j*a - 626. Suppose -4*q + a + 46 = 0. What is the tens digit of q?
5
Let m(s) = 4*s - 16. Let x(o) = o**3 + 12*o**2 + 5. Let u be x(-12). What is the units digit of m(u)?
4
Suppose -5*l = z - 13, -10 = -4*z + 2. Suppose -a = -0 + l. What is the units digit of 26 - (-5 - a - -2)?
7
Let b(i) = -i**3 + 4*i**2 + 4*i - 3. Let v be b(4). Suppose -5*a + v = -27. What is the units digit of a?
8
Suppose -3*g + 5*g = -22. Let m(z) = z + 1. Let j(l) = l**2 + 17*l + 17. Let k(y) = j(y) - 6*m(y). What is the tens digit of k(g)?
1
Let u(v) = 70*v**2 - 4*v - 8. Let q(a) = -47*a**2 + 3*a + 5. Let k(i) = 7*q(i) + 5*u(i). What is the tens digit of k(2)?
8
Let v = 1 + 7. Let u(b) = -v + 4*b - b + 0*b. What is the tens digit of u(13)?
3
Suppose 0 = -2*v - 2 + 12. Suppose 2*g + 31 - 201 = -5*a, -5*a - v*g + 170 = 0. What is the tens digit of a?
3
Let s be (-9 + 3)/(-2) + 1. Suppose 4*k = 3*i - 154, k = -s*i - 3*k + 252. What is the tens digit of i?
5
What is the hundreds digit of ((-387)/6*-2)/(9/189)?
7
Suppose -7*h + 2*h = -40. Let o be 2 - h - -2 - -8. Suppose 5*f + 3*s - 87 = 0, -o*f + 87 = 3*s + 15. What is the units digit of f?
5
Suppose 2 = -3*g + 4*g. Suppose 0*n = -g*n - 74. Let r = n + 57. What is the tens digit of r?
2
Let q(f) = 22*f + 13. Let k = 85 - 80. What is the 